{"id":537,"date":"2018-03-21T15:48:48","date_gmt":"2018-03-21T14:48:48","guid":{"rendered":"https:\/\/www.comundi.fr\/mag-des-competences\/?page_id=537"},"modified":"2019-03-14T16:33:11","modified_gmt":"2019-03-14T15:33:11","slug":"newsletter","status":"publish","type":"page","link":"https:\/\/www.comundi.fr\/mag-des-competences\/newsletter\/","title":{"rendered":"Newsletter"},"content":{"rendered":"<p><strong><img loading=\"lazy\" class=\"alignnone size-large wp-image-546\" src=\"https:\/\/www.comundi.fr\/mag-des-competences\/wp-content\/uploads\/2018\/03\/Mag-abo-news_032018-1024x471.jpg\" alt=\"\" width=\"1024\" height=\"471\" srcset=\"https:\/\/www.comundi.fr\/mag-des-competences\/wp-content\/uploads\/2018\/03\/Mag-abo-news_032018-1024x471.jpg 1024w, https:\/\/www.comundi.fr\/mag-des-competences\/wp-content\/uploads\/2018\/03\/Mag-abo-news_032018-300x138.jpg 300w, https:\/\/www.comundi.fr\/mag-des-competences\/wp-content\/uploads\/2018\/03\/Mag-abo-news_032018-768x353.jpg 768w, https:\/\/www.comundi.fr\/mag-des-competences\/wp-content\/uploads\/2018\/03\/Mag-abo-news_032018.jpg 1500w\" sizes=\"(max-width: 1024px) 100vw, 1024px\" \/><\/strong><strong>Le Mag des comp\u00e9tences<\/strong> est un blog d\u2019actualit\u00e9s li\u00e9 \u00e0 la formation professionnelle.<\/p>\n<p><strong>La vocation du blog<\/strong> est de rebondir sur des sujets d\u2019actualit\u00e9, se positionner sur toutes les tendances qui fa\u00e7onnent les m\u00e9tiers et le d\u00e9veloppement des comp\u00e9tences.<\/p>\n<p>Management, Digital, Droit, Gestion des ressources humaines, Formation autant de cat\u00e9gories sur lesquelles vous pourrez vous appuyer pour g\u00e9rer au mieux votre carri\u00e8re.<\/p>\n<p><strong>\u00a0<\/strong><strong>Notre mot d\u2019ordre est la vulgarisation !<\/strong>\u00a0Nous cherchons \u00e0 partager avec vous nos connaissances et exp\u00e9riences avec une tonalit\u00e9 simple, concr\u00e8te et efficace au service des salari\u00e9s et des apprenants.<\/p>\n<p>Vous trouverez toutes les ressources n\u00e9cessaires pour exp\u00e9rimenter vos pratiques et d\u00e9velopper vos comp\u00e9tences : articles, vid\u00e9os, des dessins de presse, des infographies, des tests et des sondages.<\/p>\n<p><strong style=\"color: #e40349;\">Vous souhaitez recevoir nos actualit\u00e9s ?<\/strong><\/p>\n\n\t<section id=\"yikes-mailchimp-container-3\" class=\"yikes-mailchimp-container yikes-mailchimp-container-3 \">\n\t\t\t\t<form id=\"newsletter-lp-3\" class=\"yikes-easy-mc-form yikes-easy-mc-form-3  \" method=\"POST\" data-attr-form-id=\"3\">\n\n\t\t\t\t\t\t\t\t\t\t\t\t\t<label for=\"yikes-easy-mc-form-3-EMAIL\"  class=\"EMAIL-label yikes-mailchimp-field-required \">\n\n\t\t\t\t\t\t\t\t\t\t<!-- dictate label visibility -->\n\t\t\t\t\t\t\t\t\t\t\n\t\t\t\t\t\t\t\t\t\t<!-- Description Above -->\n\t\t\t\t\t\t\t\t\t\t<p class=\"form-field-description\" id=\"form-field-description-EMAIL\">Abonnez-vous \u00e0 notre newsletter !<\/p>\n\t\t\t\t\t\t\t\t\t\t<input id=\"yikes-easy-mc-form-3-EMAIL\"  name=\"EMAIL\"  placeholder=\"Adresse e-mail\"  class=\"yikes-easy-mc-email field-no-label\"  required=\"required\" type=\"email\"  value=\"\">\n\n\t\t\t\t\t\t\t\t\t\t<!-- Description Below -->\n\t\t\t\t\t\t\t\t\t\t\n\t\t\t\t\t\t\t\t\t<\/label>\n\t\t\t\t\t\t\t\t\t\n\t\t\t\t<!-- Honeypot Trap -->\n\t\t\t\t<input type=\"hidden\" name=\"yikes-mailchimp-honeypot\" id=\"yikes-mailchimp-honeypot-3\" value=\"\">\n\n\t\t\t\t<!-- List ID -->\n\t\t\t\t<input type=\"hidden\" name=\"yikes-mailchimp-associated-list-id\" id=\"yikes-mailchimp-associated-list-id-3\" value=\"7145126725\">\n\n\t\t\t\t<!-- The form that is being submitted! Used to display error\/success messages above the correct form -->\n\t\t\t\t<input type=\"hidden\" name=\"yikes-mailchimp-submitted-form\" id=\"yikes-mailchimp-submitted-form-3\" value=\"3\">\n\n\t\t\t\t<!-- Submit Button -->\n\t\t\t\t<button type=\"submit\" class=\"yikes-easy-mc-submit-button yikes-easy-mc-submit-button-3 btn btn-primary \"> <span class=\"yikes-mailchimp-submit-button-span-text\">S&#039;abonner<\/span><\/button>\t\t\t\t<!-- Nonce Security Check -->\n\t\t\t\t<input type=\"hidden\" id=\"yikes_easy_mc_new_subscriber_3\" name=\"yikes_easy_mc_new_subscriber\" value=\"ff08438454\">\n\t\t\t\t<input type=\"hidden\" name=\"_wp_http_referer\" value=\"\/mag-des-competences\/wp-json\/wp\/v2\/pages\/537\" \/>\t\t\t\t\n\t\t\t<\/form>\n\t\t\t<!-- Mailchimp Form generated by Easy Forms for Mailchimp v6.8.6 (https:\/\/wordpress.org\/plugins\/yikes-inc-easy-mailchimp-extender\/) -->\n\n\t\t\t<\/section>\n\t\n<p>&nbsp;<\/p>\n<h4>Vous souhaitez vous d\u00e9sabonner ?<\/h4>\n<p>Vous disposez d&rsquo;un droit d&rsquo;acc\u00e8s, de modification, d&rsquo;opposition et de suppression des donn\u00e9es vous concernant.<\/p>\n<p><u>Pour ne plus recevoir notre newsletter<\/u>\u00a0:\u00a0<b>En bas de chaque newsletter<\/b>\u00a0que vous recevez de notre part, vous trouverez un lien vous permettant de vous d\u00e9sinscrire.<\/p>\n<p>Vous avez aussi la possibilit\u00e9 faire une demande sur notre\u00a0<a title=\"Guichet RGPD\" href=\"https:\/\/rgpd.comundi.fr\/\" target=\"_blank\" rel=\"noopener\">guichet RGPD<\/a><\/p>\n","protected":false},"excerpt":{"rendered":"<p>Le Mag des comp\u00e9tences est un blog d\u2019actualit\u00e9s li\u00e9 \u00e0 la formation professionnelle. La vocation du blog est de rebondir sur des sujets d\u2019actualit\u00e9, se positionner sur toutes les tendances qui fa\u00e7onnent les m\u00e9tiers et le d\u00e9veloppement des comp\u00e9tences. Management, Digital, Droit, Gestion des ressources humaines, Formation autant de cat\u00e9gories sur lesquelles vous pourrez vous [&hellip;]<\/p>\n","protected":false},"author":8,"featured_media":0,"parent":0,"menu_order":0,"comment_status":"closed","ping_status":"closed","template":"","meta":{"_mi_skip_tracking":false},"yoast_head":"<!-- This site is optimized with the Yoast SEO plugin v16.1 - https:\/\/yoast.com\/wordpress\/plugins\/seo\/ -->\n<title>Newsletter - Mag des comp\u00e9tences - Comundi<\/title>\n<meta name=\"description\" content=\"Le Mag des comp\u00e9tences est un blog d\u2019actualit\u00e9s li\u00e9 \u00e0 la formation professionnelle. Contactez-nous pour recevoir la newsletter et rester informer.\" \/>\n<meta name=\"robots\" content=\"index, follow, max-snippet:-1, max-image-preview:large, max-video-preview:-1\" \/>\n<link rel=\"canonical\" href=\"https:\/\/www.comundi.fr\/mag-des-competences\/newsletter\/\" \/>\n<meta property=\"og:locale\" content=\"fr_FR\" \/>\n<meta property=\"og:type\" content=\"article\" \/>\n<meta property=\"og:title\" content=\"Newsletter - Mag des comp\u00e9tences - Comundi\" \/>\n<meta property=\"og:description\" content=\"Le Mag des comp\u00e9tences est un blog d\u2019actualit\u00e9s li\u00e9 \u00e0 la formation professionnelle. Contactez-nous pour recevoir la newsletter et rester informer.\" \/>\n<meta property=\"og:url\" content=\"https:\/\/www.comundi.fr\/mag-des-competences\/newsletter\/\" \/>\n<meta property=\"og:site_name\" content=\"Mag des comp\u00e9tences - Comundi\" \/>\n<meta property=\"article:publisher\" content=\"https:\/\/www.facebook.com\/Comundi\/?fref=ts\" \/>\n<meta property=\"article:modified_time\" content=\"2019-03-14T15:33:11+00:00\" \/>\n<meta property=\"og:image\" content=\"https:\/\/www.comundi.fr\/mag-des-competences\/wp-content\/uploads\/2018\/03\/Mag-abo-news_032018-1024x471.jpg\" \/>\n<meta name=\"twitter:card\" content=\"summary_large_image\" \/>\n<meta name=\"twitter:site\" content=\"@ComundiActu\" \/>\n<meta name=\"twitter:label1\" content=\"Dur\u00e9e de lecture est.\">\n\t<meta name=\"twitter:data1\" content=\"1 minute\">\n<script type=\"application\/ld+json\" class=\"yoast-schema-graph\">{\"@context\":\"https:\/\/schema.org\",\"@graph\":[{\"@type\":\"Organization\",\"@id\":\"https:\/\/www.comundi.fr\/mag-des-competences\/#organization\",\"name\":\"Comundi\",\"url\":\"https:\/\/www.comundi.fr\/mag-des-competences\/\",\"sameAs\":[\"https:\/\/www.facebook.com\/Comundi\/?fref=ts\",\"https:\/\/www.linkedin.com\/company\/comundi\/\",\"https:\/\/www.youtube.com\/user\/ComundiFormations\",\"https:\/\/twitter.com\/ComundiActu\"],\"logo\":{\"@type\":\"ImageObject\",\"@id\":\"https:\/\/www.comundi.fr\/mag-des-competences\/#logo\",\"inLanguage\":\"fr-FR\",\"url\":\"https:\/\/www.comundi.fr\/mag-des-competences\/wp-content\/uploads\/2018\/01\/comundi.png\",\"contentUrl\":\"https:\/\/www.comundi.fr\/mag-des-competences\/wp-content\/uploads\/2018\/01\/comundi.png\",\"width\":300,\"height\":300,\"caption\":\"Comundi\"},\"image\":{\"@id\":\"https:\/\/www.comundi.fr\/mag-des-competences\/#logo\"}},{\"@type\":\"WebSite\",\"@id\":\"https:\/\/www.comundi.fr\/mag-des-competences\/#website\",\"url\":\"https:\/\/www.comundi.fr\/mag-des-competences\/\",\"name\":\"Mag des comp\\u00e9tences - Comundi\",\"description\":\"Le magazine des m\\u00e9tiers de demain\",\"publisher\":{\"@id\":\"https:\/\/www.comundi.fr\/mag-des-competences\/#organization\"},\"potentialAction\":[{\"@type\":\"SearchAction\",\"target\":\"https:\/\/www.comundi.fr\/mag-des-competences\/?s={search_term_string}\",\"query-input\":\"required name=search_term_string\"}],\"inLanguage\":\"fr-FR\"},{\"@type\":\"ImageObject\",\"@id\":\"https:\/\/www.comundi.fr\/mag-des-competences\/newsletter\/#primaryimage\",\"inLanguage\":\"fr-FR\",\"url\":\"https:\/\/www.comundi.fr\/mag-des-competences\/wp-content\/uploads\/2018\/03\/Mag-abo-news_032018.jpg\",\"contentUrl\":\"https:\/\/www.comundi.fr\/mag-des-competences\/wp-content\/uploads\/2018\/03\/Mag-abo-news_032018.jpg\",\"width\":1500,\"height\":690},{\"@type\":\"WebPage\",\"@id\":\"https:\/\/www.comundi.fr\/mag-des-competences\/newsletter\/#webpage\",\"url\":\"https:\/\/www.comundi.fr\/mag-des-competences\/newsletter\/\",\"name\":\"Newsletter - Mag des comp\\u00e9tences - Comundi\",\"isPartOf\":{\"@id\":\"https:\/\/www.comundi.fr\/mag-des-competences\/#website\"},\"primaryImageOfPage\":{\"@id\":\"https:\/\/www.comundi.fr\/mag-des-competences\/newsletter\/#primaryimage\"},\"datePublished\":\"2018-03-21T14:48:48+00:00\",\"dateModified\":\"2019-03-14T15:33:11+00:00\",\"description\":\"Le Mag des comp\\u00e9tences est un blog d\\u2019actualit\\u00e9s li\\u00e9 \\u00e0 la formation professionnelle. Contactez-nous pour recevoir la newsletter et rester informer.\",\"breadcrumb\":{\"@id\":\"https:\/\/www.comundi.fr\/mag-des-competences\/newsletter\/#breadcrumb\"},\"inLanguage\":\"fr-FR\",\"potentialAction\":[{\"@type\":\"ReadAction\",\"target\":[\"https:\/\/www.comundi.fr\/mag-des-competences\/newsletter\/\"]}]},{\"@type\":\"BreadcrumbList\",\"@id\":\"https:\/\/www.comundi.fr\/mag-des-competences\/newsletter\/#breadcrumb\",\"itemListElement\":[{\"@type\":\"ListItem\",\"position\":1,\"item\":{\"@type\":\"WebPage\",\"@id\":\"https:\/\/www.comundi.fr\/mag-des-competences\/\",\"url\":\"https:\/\/www.comundi.fr\/mag-des-competences\/\",\"name\":\"Accueil\"}},{\"@type\":\"ListItem\",\"position\":2,\"item\":{\"@type\":\"WebPage\",\"@id\":\"https:\/\/www.comundi.fr\/mag-des-competences\/newsletter\/\",\"url\":\"https:\/\/www.comundi.fr\/mag-des-competences\/newsletter\/\",\"name\":\"Newsletter\"}}]}]}<\/script>\n<!-- \/ Yoast SEO plugin. -->","amp_enabled":true,"_links":{"self":[{"href":"https:\/\/www.comundi.fr\/mag-des-competences\/wp-json\/wp\/v2\/pages\/537"}],"collection":[{"href":"https:\/\/www.comundi.fr\/mag-des-competences\/wp-json\/wp\/v2\/pages"}],"about":[{"href":"https:\/\/www.comundi.fr\/mag-des-competences\/wp-json\/wp\/v2\/types\/page"}],"author":[{"embeddable":true,"href":"https:\/\/www.comundi.fr\/mag-des-competences\/wp-json\/wp\/v2\/users\/8"}],"replies":[{"embeddable":true,"href":"https:\/\/www.comundi.fr\/mag-des-competences\/wp-json\/wp\/v2\/comments?post=537"}],"version-history":[{"count":14,"href":"https:\/\/www.comundi.fr\/mag-des-competences\/wp-json\/wp\/v2\/pages\/537\/revisions"}],"predecessor-version":[{"id":1107,"href":"https:\/\/www.comundi.fr\/mag-des-competences\/wp-json\/wp\/v2\/pages\/537\/revisions\/1107"}],"wp:attachment":[{"href":"https:\/\/www.comundi.fr\/mag-des-competences\/wp-json\/wp\/v2\/media?parent=537"}],"curies":[{"name":"wp","href":"https:\/\/api.w.org\/{rel}","templated":true}]}}